of g and v?
4
Let i = 16 - 10. Suppose q + 1 - 4 = 0. Let y be q + (-6)/(-4)*14. Calculate the highest common factor of i and y.
6
Suppose 4*d - 2*y - 54 = 0, 4*y + 46 - 4 = 2*d. Suppose 3*a = -2*x + 183, 4*x - 3*a - 416 = a. Calculate the highest common factor of x and d.
11
Let z be (8/10)/((-2)/(-70)). Suppose 2*r + 2*l + 0*l - 26 = 0, 2*r + l = 30. Let k = z + r. Calculate the highest common factor of 9 and k.
9
Let k be 281/2 - (-10)/4. What is the highest common factor of 13 and k?
13
Let c(q) = q + 24. Let m be c(0). Let u = 54 - m. What is the greatest common divisor of u and 10?
10
Let f be 40*(15/(-6))/(-5). Calculate the greatest common factor of f and 10.
10
Let h(n) = 3*n - 4. Let t be h(5). Suppose 0 = m + 2 - 3. Suppose -5*f = 5*q + 5, -5*q - f + m = -2. What is the highest common factor of q and t?
1
Let b = -3 - -4. Let i = 16 - 11. Suppose 0 = 3*u + 2*u - i. Calculate the greatest common divisor of u and b.
1
Suppose -n - 3*q = -4*n + 465, 0 = 4*n - q - 617. What is the highest common factor of n and 14?
14
Let h be ((-32)/(-12))/((-1)/(-3)). Suppose -3*t + h = -1. Calculate the highest common factor of t and 3.
3
Let l be (-2)/(-4 + 18/5). Let w(t) = 5*t**2 + 8*t - 5. Let p be w(l). What is the highest common divisor of 16 and p?
16
Suppose -2*s - 3*o = -126, s = -0*s - 2*o + 63. Suppose 3*m - 51 - 75 = 0. What is the highest common divisor of m and s?
21
Suppose 2*m + 175 = 7*m. Calculate the greatest common factor of m and 14.
7
Let v be (1 + -2)*(0 + -2). Suppose -5*f = -v*h - 260, -6*f + 2*f + 191 = -5*h. Calculate the highest common factor of f and 18.
18
Let o(l) = 29*l**2 + l. Suppose 1 = -2*n + 3. Let w be o(n). What is the highest common divisor of 6 and w?
6
Let b(c) = 26*c - 8. Let o be b(3). Calculate the highest common divisor of o and 14.
14
Let b be 1/(-4) + (-191)/4. Let a = b - -5. Let l = a - -107. What is the greatest common factor of l and 8?
8
Let d = -15 + 55. Calculate the highest common factor of d and 16.
8
Let h be 4/((-16)/10)*-4. Calculate the greatest common divisor of h and 2.
2
Let h(t) = t**3 - 2*t**2 + 3*t + 6. Let n be h(3). Let q(c) = 95*c + 1. Let m be q(1). Calculate the highest common factor of m and n.
24
Suppose -4*w = 2*i - 0*i - 176, 5*w = 5*i + 190. Let q = -27 + w. Calculate the greatest common divisor of q and 120.
15
Let i = 8 - 3. Let v = i - 1. Let u = 19 + -13. Calculate the greatest common divisor of u and v.
2
Suppose 3*l = -2*l - y + 13, -y = -2*l + 1. Suppose l*v - 126 = -v. What is the highest common divisor of 21 and v?
21
Suppose -21 - 21 = -6*c. Suppose -2*l = s - 95, -s = -2*l - 0*l + 101. Calculate the highest common divisor of c and l.
7
Suppose -5*x - s + 48 - 13 = 0, -4*s + 26 = x. Suppose -2*v - 30 = 3*c - 166, -2*c - v + 92 = 0. Calculate the highest common divisor of x and c.
6
Let m be 452/6 + (-14)/(-21). Calculate the greatest common divisor of 19 and m.
19
Suppose -38 = -2*t + 42. What is the highest common divisor of t and 8?
8
Let l be 302/6 + (-1)/3. Calculate the highest common divisor of l and 20.
10
Let r(v) = 2*v - 17. Let u be r(10). Calculate the greatest common divisor of u and 36.
3
Let y be (-15)/(2 - 5) + 0. Calculate the highest common factor of 1 and y.
1
Let o = 49 + -27. Calculate the greatest common divisor of o and 88.
22
Suppose 2*p + 134 = 2*t, -3*p + 50 = 3*t - 175. Suppose -t = -5*o - 1. What is the greatest common divisor of o and 154?
14
Suppose 100 = 5*p - p + 2*f, -p + 3*f = -39. What is the highest common divisor of 3 and p?
3
Let k be -1 + 78/2*1. Calculate the greatest common factor of 38 and k.
38
Let x(k) = -k**2 - 11*k + 18. Let m be x(-12). What is the highest common divisor of m and 2?
2
Let c = -22 + 40. Let j = -13 + c. Suppose a = j*b + 105, -3*a - 609 = -8*a - 3*b. What is the highest common factor of a and 12?
12
Let v = 12 - 0. What is the highest common divisor of v and 9?
3
Let r be (-310)/(-75) - (2 - (-56)/(-30)). Calculate the highest common factor of r and 20.
4
Suppose 2*v - 134 + 38 = 0. Let a(m) = m**2 + 5*m - 6. Let l be a(-5). Let p be 33/(-22)*32/l. Calculate the greatest common divisor of v and p.
8
Suppose 0 = a + 2*z - 50, -z + 130 = -0*a + 3*a. Calculate the highest common factor of a and 14.
14
Let d(b) = 5*b - 9. Let g be d(6). Let k(m) = -47*m**2 - m. Let c be k(-1). Let t be (-4)/14 + c/(-14). Calculate the highest common divisor of t and g.
3
Let j be 4/5*(-13 - 2). Let q = 28 + j. What is the highest common divisor of 24 and q?
8
Let r be (-7378)/(-155) + -3*(-2)/15. Let g = -3 - -3. Suppose -5*k = 5, -u + 5*k - 4 + 21 = g. What is the greatest common factor of r and u?
12
Suppose 0*j + 180 = 5*j. Let y = 0 + 4. What is the greatest common divisor of y and j?
4
Suppose -3*k = -5*t - 23, 4*k - 3*t - 38 - 11 = 0. Let q = -133 - -261. What is the highest common factor of q and k?
16
Let c(u) = u**2 - 7*u + 3. Let p be c(7). Suppose 0 = 4*q - 5*q + 5*k + 36, -5*q + 3*k + 114 = 0. What is the greatest common divisor of p and q?
3
Let q be 2/((-47)/(-15) - (6 + -3)). Calculate the greatest common divisor of 25 and q.
5
Let h = 133 - 93. What is the highest common divisor of 30 and h?
10
Let d(l) = -1 - 3*l - 7 + 2. Let a be d(-5). Calculate the greatest common factor of 72 and a.
9
Suppose 2*o - 47 = o - 5*r, 2*o = -2*r + 54. Calculate the highest common divisor of o and 55.
11
Let u(j) = -j + 16. Let g be u(7). Let i be (-3)/(-1)*30/g. Suppose -8 = -o + i. What is the greatest common factor of o and 12?
6
Let f(v) = -v**3 - 17*v**2 - 16*v + 8. Let w be f(-16). Calculate the greatest common factor of 20 and w.
4
Let w be (-1 + 2)/(14/406). Calculate the highest common divisor of 145 and w.
29
Let d be (-2)/(-8)*(17 + -5). Suppose -3*x = 3*v + 2 - 146, -144 = -d*x + 5*v. What is the highest common divisor of x and 12?
12
Let s(j) = -5*j - 1. Let m be s(-5). Let u(y) = 48 - 9*y**2 + 20*y**2 - 10*y**2. Let p be u(0). What is the greatest common factor of m and p?
24
Let j(w) = -w**3 + 11*w**2 - 11*w + 18. Let y be j(10). What is the greatest common divisor of 1 and y?
1
Suppose z - 192 = -5*z. Calculate the greatest common divisor of z and 48.
16
Let l(w) = -w**3 + 29*w**2 + 30*w + 1. Let a be l(30). Suppose -4 = -2*r - 4*m + 6*m, -55 = -5*r - 4*m. Calculate the greatest common divisor of a and r.
1
Let z(d) = -d + 1. Let f be z(-3). Suppose c - 3*w = -8, -5*w + 55 = 4*c + 19. Calculate the greatest common factor of f and c.
4
Let a(u) = 8*u + 8. Let g be a(-9). Let h = g - -114. Suppose 4 = -3*m + 16, -5*z + 2*m = -92. What is the greatest common divisor of z and h?
10
Suppose -k - 68 - 47 = -5*x, -4*x + 78 = 2*k. Calculate the greatest common factor of x and 33.
11
Let y = 46 + -8. Calculate the greatest common factor of 95 and y.
19
Let s = 1 - -2. Suppose 3*a = -0*a. Let m = a + s. What is the greatest common factor of m and 9?
3
Let d(t) = -t**3 - 3*t**2 + 2*t + 12. Let r be d(-4). Calculate the greatest common divisor of 4 and r.
4
Let a(b) = -b**3 - 2*b**2 + 3*b + 3. Let u be a(-3). Let z = u + 9. Let c be 334/4 + 2/4. Calculate the greatest common divisor of z and c.
12
Suppose -5*u = -3*w + 14, 5*w - 15 + 3 = -3*u. Suppose 0 = 5*b + 5*i - i - 12, -w*b + 2*i + 16 = 0. What is the greatest common factor of 4 and b?
4
Suppose -67 = -4*a + h, -5*h - 3 = -a - 2*h. What is the greatest common divisor of 81 and a?
9
Suppose 11*c - 168 = 9*c. What is the greatest common divisor of 28 and c?
28
Suppose 0 = -4*b + 5*p - 13, -3*b = p - 4 - 10. What is the greatest common factor of 33 and b?
3
Let k = 11 - 10. Calculate the greatest common factor of k and 11.
1
Suppose 4*h + 4 = -4*d, 0 = -4*h - 2*d + 6*d - 12. Let j = -17 - -13. Let m be 11 + j/h + -4. What is the greatest common factor of m and 36?
9
Let y(r) = -3*r - 2 + 8*r + 3. Let x be y(-1). Let o be -60*(-1 - (-5)/x). Calculate the highest common divisor of o and 15.
15
Suppose t - 112 = -t. Suppose -2*m + 31 = -3*c, 6*m = 4*m - 2*c + 26. What is the highest common divisor of m and t?
14
Let l = -72 + 96. Calculate the greatest common factor of 40 and l.
8
Let u be (-207)/(-18) + (-1)/(-2). Calculate the highest common divisor of 3 and u.
3
Let w(n) = n**2 + 5*n + 1. Let d be w(-5). Suppose -3*y + l = -2*l - 21, -y + 3*l = -d. Let f = -23 - -33